{"id":21,"date":"2019-08-26T15:20:43","date_gmt":"2019-08-26T13:20:43","guid":{"rendered":"https:\/\/www.pflegedienst-reichenbach.de\/?page_id=21"},"modified":"2023-08-30T16:33:17","modified_gmt":"2023-08-30T14:33:17","slug":"unser-team","status":"publish","type":"page","link":"https:\/\/www.pflegedienst-reichenbach.de\/index.php\/unser-team\/","title":{"rendered":"Unser Team"},"content":{"rendered":"\n<h3 class=\"wp-block-heading\">Das Unternehmen sind wir \u2013 alle Mitarbeiter und Mitarbeiterrinnen.<\/h3>\n\n\n\n<p>Wir sch\u00e4tzen den Einsatz unserer Teammitglieder sehr und hoffen, da\u00df sie stets zur qualitativen Weiterentwicklung des Pflegedienstes beitragen und wir so in unserer Einzigartigkeit f\u00fcr unsere Patienten bestehen bleiben. Dadurch m\u00f6chten wir unsere Unternehmensziele auch langfristig im Sinne unserer Patienten umsetzten. <br>\n Pflege soll mit ihren Werten und Handlungszielen der \u00d6ffentlichkeit bekannt sein. Wir engagieren uns daher aktiv im Pflegebereich, um die Interessen unserer Patienten darzustellen. <\/p>\n\n\n\n<div style=\"height:50px\" aria-hidden=\"true\" class=\"wp-block-spacer\"><\/div>\n\n\n<div class=\"mod_article first last container\">\n<div class=\"team-list-table\">\n<div class=\"team-list-cell img-left-top dark ce_dma_eg_29\">\n<div class=\"team-list-cell-wrapper\" style=\"background-color: #eeeeee;\">\n<div class=\"team-list-item-image\" style=\"background-image: url('https:\/\/www.pflegedienst-reichenbach.de\/wp-content\/uploads\/2019\/08\/Baerbel_Koch_Reichenbach.jpg');\">\n<div class=\"team-list-item-image-wrapper\">\n<h4>B\u00e4rbel Koch Reichenbach<\/h4>\n<p><span class=\"position\">Gesch\u00e4ftsf\u00fchrerin, <br \/>exam. Krankenschwester, PDL, <br \/>kaufm\u00e4nnische Angestellte<\/span><\/p>\n<\/div>\n<\/div>\n<div class=\"team-list-item-stmnt\">\n<p class=\"team-text\">\u201cMit der Gr\u00fcndung des Pflegedienstes Reichenbach startete ich nach 20 j\u00e4hriger Berufserfahrung am 01.07.1993 in die Selbst\u00e4ndigkeit. Mein Ziel ist es, Menschen vertrauensvoll und kompetent auf dem Weg der Genesung zu unterst\u00fctzen und das Altwerden in der h\u00e4uslichen Umgebung zu erm\u00f6glichen und zu begleiten.\u201d<\/p>\n<\/div>\n<div class=\"clearfix\">\u00a0<\/div>\n<\/div>\n<\/div>\n<div class=\"team-list-cell img-left-top light ce_dma_eg_29\">\n<div class=\"team-list-cell-wrapper\" style=\"background-color: #00999c; color: #ffffff;\">\n<div class=\"team-list-item-image\" style=\"background-image: url('https:\/\/www.pflegedienst-reichenbach.de\/wp-content\/uploads\/2019\/08\/Mandy_Tappe.jpg');\">\n<div class=\"team-list-item-image-wrapper\">\n<h4>Mandy Tappe<\/h4>\n<p><span class=\"position\">Gesch\u00e4ftsf\u00fchrerin, <br \/>exam. Krankenschwester , <br \/>PDL, Qualit\u00e4tsbeauftragte<\/span><\/p>\n<\/div>\n<\/div>\n<div class=\"team-list-item-stmnt\">\n<p>&#8222;Unsicherheiten nehmen, Vertrauen schaffen, ein wertsch\u00e4tzendes Miteinander und eine offene Kommunikation tragen f\u00fcr mich dazu bei, eine langfristige Zusammenarbeit und eine gute Alltagssituation in der \u201e H\u00e4uslichen Pflege \u201e zu erm\u00f6glichen.&#8220;<\/p>\n<\/div>\n<div class=\"clearfix\">\u00a0<\/div>\n<\/div>\n<\/div>\n<\/div>\n<\/div>\n<div class=\"mod_article first last container\">\n<div class=\"team-list-table\">\n<div class=\"team-list-cell img-left-top dark ce_dma_eg_29\">\n<div class=\"team-list-cell-wrapper\" style=\"background-color: #a4dbdc;\">\n<div class=\"team-list-item-image\" style=\"background-image: url('https:\/\/www.pflegedienst-reichenbach.de\/wp-content\/uploads\/2019\/08\/Thomas-Ungerer.jpg');\">\n<div class=\"team-list-item-image-wrapper\">\n<h4>Thomas Ungerer<\/h4>\n<p><span class=\"position\">seit 2002 im Unternehmen<br \/>exam. Krankenpfleger, stellv. PDL, Wundmanager<br \/><\/span><\/p>\n<\/div>\n<\/div>\n<div class=\"team-list-item-stmnt\">\n<p>&#8222;Mein Ziel als Wundmanager in der ambulanten Pflege ist es, eine m\u00f6glichst komplikationslose und rasche Wundheilung zu erreichen. Mit dem behandelnden Arzt ein individuell erstelltes Therapiekonzep und einer modernen Wundversorgung unter Ber\u00fccksichtigung Ihrer Begleiterkrankungen und Lebensgewohnheiten zu erm\u00f6glichen, ist mein Anspruch&#8220;<\/p>\n<\/div>\n<div class=\"clearfix\">\u00a0<\/div>\n<\/div>\n<\/div>\n<\/div>\n<\/div>","protected":false},"excerpt":{"rendered":"<p>Das Unternehmen sind wir \u2013 alle Mitarbeiter und Mitarbeiterrinnen. Wir sch\u00e4tzen den Einsatz unserer Teammitglieder sehr und hoffen, da\u00df sie stets zur qualitativen Weiterentwicklung des Pflegedienstes [&#8230;] <\/p>\n","protected":false},"author":1,"featured_media":0,"parent":0,"menu_order":0,"comment_status":"closed","ping_status":"closed","template":"page-fullwidth.php","meta":{"footnotes":""},"class_list":["post-21","page","type-page","status-publish","hentry"],"yoast_head":"<!-- This site is optimized with the Yoast SEO plugin v24.0 - https:\/\/yoast.com\/wordpress\/plugins\/seo\/ -->\n<title>Unser Team - Pflegedienst Reichenbach GmbH<\/title>\n<meta name=\"robots\" content=\"index, follow, max-snippet:-1, max-image-preview:large, max-video-preview:-1\" \/>\n<link rel=\"canonical\" href=\"https:\/\/www.pflegedienst-reichenbach.de\/index.php\/unser-team\/\" \/>\n<meta property=\"og:locale\" content=\"de_DE\" \/>\n<meta property=\"og:type\" content=\"article\" \/>\n<meta property=\"og:title\" content=\"Unser Team - Pflegedienst Reichenbach GmbH\" \/>\n<meta property=\"og:description\" content=\"Das Unternehmen sind wir \u2013 alle Mitarbeiter und Mitarbeiterrinnen. Wir sch\u00e4tzen den Einsatz unserer Teammitglieder sehr und hoffen, da\u00df sie stets zur qualitativen Weiterentwicklung des Pflegedienstes [...]\" \/>\n<meta property=\"og:url\" content=\"https:\/\/www.pflegedienst-reichenbach.de\/index.php\/unser-team\/\" \/>\n<meta property=\"og:site_name\" content=\"Pflegedienst Reichenbach GmbH\" \/>\n<meta property=\"article:modified_time\" content=\"2023-08-30T14:33:17+00:00\" \/>\n<meta name=\"twitter:card\" content=\"summary_large_image\" \/>\n<meta name=\"twitter:label1\" content=\"Gesch\u00e4tzte Lesezeit\" \/>\n\t<meta name=\"twitter:data1\" content=\"2\u00a0Minuten\" \/>\n<script type=\"application\/ld+json\" class=\"yoast-schema-graph\">{\"@context\":\"https:\/\/schema.org\",\"@graph\":[{\"@type\":\"WebPage\",\"@id\":\"https:\/\/www.pflegedienst-reichenbach.de\/index.php\/unser-team\/\",\"url\":\"https:\/\/www.pflegedienst-reichenbach.de\/index.php\/unser-team\/\",\"name\":\"Unser Team - Pflegedienst Reichenbach GmbH\",\"isPartOf\":{\"@id\":\"https:\/\/www.pflegedienst-reichenbach.de\/#website\"},\"datePublished\":\"2019-08-26T13:20:43+00:00\",\"dateModified\":\"2023-08-30T14:33:17+00:00\",\"breadcrumb\":{\"@id\":\"https:\/\/www.pflegedienst-reichenbach.de\/index.php\/unser-team\/#breadcrumb\"},\"inLanguage\":\"de\",\"potentialAction\":[{\"@type\":\"ReadAction\",\"target\":[\"https:\/\/www.pflegedienst-reichenbach.de\/index.php\/unser-team\/\"]}]},{\"@type\":\"BreadcrumbList\",\"@id\":\"https:\/\/www.pflegedienst-reichenbach.de\/index.php\/unser-team\/#breadcrumb\",\"itemListElement\":[{\"@type\":\"ListItem\",\"position\":1,\"name\":\"Startseite\",\"item\":\"https:\/\/www.pflegedienst-reichenbach.de\/\"},{\"@type\":\"ListItem\",\"position\":2,\"name\":\"Unser Team\"}]},{\"@type\":\"WebSite\",\"@id\":\"https:\/\/www.pflegedienst-reichenbach.de\/#website\",\"url\":\"https:\/\/www.pflegedienst-reichenbach.de\/\",\"name\":\"Pflegedienst Reichenbach GmbH\",\"description\":\"\u00dcber 30 Jahren f\u00fcr Sie unterwegs!\",\"potentialAction\":[{\"@type\":\"SearchAction\",\"target\":{\"@type\":\"EntryPoint\",\"urlTemplate\":\"https:\/\/www.pflegedienst-reichenbach.de\/?s={search_term_string}\"},\"query-input\":{\"@type\":\"PropertyValueSpecification\",\"valueRequired\":true,\"valueName\":\"search_term_string\"}}],\"inLanguage\":\"de\"}]}<\/script>\n<!-- \/ Yoast SEO plugin. -->","yoast_head_json":{"title":"Unser Team - Pflegedienst Reichenbach GmbH","robots":{"index":"index","follow":"follow","max-snippet":"max-snippet:-1","max-image-preview":"max-image-preview:large","max-video-preview":"max-video-preview:-1"},"canonical":"https:\/\/www.pflegedienst-reichenbach.de\/index.php\/unser-team\/","og_locale":"de_DE","og_type":"article","og_title":"Unser Team - Pflegedienst Reichenbach GmbH","og_description":"Das Unternehmen sind wir \u2013 alle Mitarbeiter und Mitarbeiterrinnen. Wir sch\u00e4tzen den Einsatz unserer Teammitglieder sehr und hoffen, da\u00df sie stets zur qualitativen Weiterentwicklung des Pflegedienstes [...]","og_url":"https:\/\/www.pflegedienst-reichenbach.de\/index.php\/unser-team\/","og_site_name":"Pflegedienst Reichenbach GmbH","article_modified_time":"2023-08-30T14:33:17+00:00","twitter_card":"summary_large_image","twitter_misc":{"Gesch\u00e4tzte Lesezeit":"2\u00a0Minuten"},"schema":{"@context":"https:\/\/schema.org","@graph":[{"@type":"WebPage","@id":"https:\/\/www.pflegedienst-reichenbach.de\/index.php\/unser-team\/","url":"https:\/\/www.pflegedienst-reichenbach.de\/index.php\/unser-team\/","name":"Unser Team - Pflegedienst Reichenbach GmbH","isPartOf":{"@id":"https:\/\/www.pflegedienst-reichenbach.de\/#website"},"datePublished":"2019-08-26T13:20:43+00:00","dateModified":"2023-08-30T14:33:17+00:00","breadcrumb":{"@id":"https:\/\/www.pflegedienst-reichenbach.de\/index.php\/unser-team\/#breadcrumb"},"inLanguage":"de","potentialAction":[{"@type":"ReadAction","target":["https:\/\/www.pflegedienst-reichenbach.de\/index.php\/unser-team\/"]}]},{"@type":"BreadcrumbList","@id":"https:\/\/www.pflegedienst-reichenbach.de\/index.php\/unser-team\/#breadcrumb","itemListElement":[{"@type":"ListItem","position":1,"name":"Startseite","item":"https:\/\/www.pflegedienst-reichenbach.de\/"},{"@type":"ListItem","position":2,"name":"Unser Team"}]},{"@type":"WebSite","@id":"https:\/\/www.pflegedienst-reichenbach.de\/#website","url":"https:\/\/www.pflegedienst-reichenbach.de\/","name":"Pflegedienst Reichenbach GmbH","description":"\u00dcber 30 Jahren f\u00fcr Sie unterwegs!","potentialAction":[{"@type":"SearchAction","target":{"@type":"EntryPoint","urlTemplate":"https:\/\/www.pflegedienst-reichenbach.de\/?s={search_term_string}"},"query-input":{"@type":"PropertyValueSpecification","valueRequired":true,"valueName":"search_term_string"}}],"inLanguage":"de"}]}},"featured_image_src":null,"featured_image_src_square":null,"_links":{"self":[{"href":"https:\/\/www.pflegedienst-reichenbach.de\/index.php\/wp-json\/wp\/v2\/pages\/21","targetHints":{"allow":["GET"]}}],"collection":[{"href":"https:\/\/www.pflegedienst-reichenbach.de\/index.php\/wp-json\/wp\/v2\/pages"}],"about":[{"href":"https:\/\/www.pflegedienst-reichenbach.de\/index.php\/wp-json\/wp\/v2\/types\/page"}],"author":[{"embeddable":true,"href":"https:\/\/www.pflegedienst-reichenbach.de\/index.php\/wp-json\/wp\/v2\/users\/1"}],"replies":[{"embeddable":true,"href":"https:\/\/www.pflegedienst-reichenbach.de\/index.php\/wp-json\/wp\/v2\/comments?post=21"}],"version-history":[{"count":16,"href":"https:\/\/www.pflegedienst-reichenbach.de\/index.php\/wp-json\/wp\/v2\/pages\/21\/revisions"}],"predecessor-version":[{"id":3222,"href":"https:\/\/www.pflegedienst-reichenbach.de\/index.php\/wp-json\/wp\/v2\/pages\/21\/revisions\/3222"}],"wp:attachment":[{"href":"https:\/\/www.pflegedienst-reichenbach.de\/index.php\/wp-json\/wp\/v2\/media?parent=21"}],"curies":[{"name":"wp","href":"https:\/\/api.w.org\/{rel}","templated":true}]}}