{"id":11,"date":"2019-08-26T15:19:08","date_gmt":"2019-08-26T13:19:08","guid":{"rendered":"https:\/\/www.pflegedienst-reichenbach.de\/?page_id=11"},"modified":"2022-03-03T13:49:55","modified_gmt":"2022-03-03T12:49:55","slug":"impressum","status":"publish","type":"page","link":"https:\/\/www.pflegedienst-reichenbach.de\/index.php\/impressum\/","title":{"rendered":"Impressum"},"content":{"rendered":"\n<div class=\"wp-block-columns has-3-columns is-layout-flex wp-container-core-columns-is-layout-28f84493 wp-block-columns-is-layout-flex\">\n<div class=\"wp-block-column is-layout-flow wp-block-column-is-layout-flow\">\n<h2 class=\"wp-block-heading\">Angaben gem\u00e4\u00df \u00a7 5 TMG<\/h2>\n\n\n\n<p>Pflegedienst Reichenbach GmbH<br>Gesch\u00e4ftsf\u00fchrerin Mandy Tappe<br>S\u00fcdfeld 23-25<br>59174 Kamen<\/p>\n<\/div>\n\n\n\n<div class=\"wp-block-column is-layout-flow wp-block-column-is-layout-flow\">\n<h2 class=\"wp-block-heading\">Kontakt<\/h2>\n\n\n\n<p>Telefon: 02307\/43435<br>Telefax: 02307\/43531<br>E-Mail: info@pflegedienst-reichenbach.de<\/p>\n<\/div>\n\n\n\n<div class=\"wp-block-column is-layout-flow wp-block-column-is-layout-flow\">\n<h2 class=\"wp-block-heading\">Angaben zur Berufshaftpflichtversicherung<\/h2>\n\n\n\n<p><strong>Name und Sitz des Versicherers:<\/strong><br>Rhion Versicherung AG<br>Postfach 101249<br>41412 Neuss<\/p>\n\n\n\n<p><strong>Geltungsraum der Versicherung:<\/strong><br>Deutschland<\/p>\n<\/div>\n<\/div>\n\n\n\n<h2 class=\"wp-block-heading\">Streitschlichtung<\/h2>\n\n\n\n<p>Die Europ\u00e4ische Kommission stellt eine Plattform zur Online-Streitbeilegung (OS) bereit: <a rel=\"noreferrer noopener\" href=\"https:\/\/ec.europa.eu\/consumers\/odr\" target=\"_blank\">https:\/\/ec.europa.eu\/consumers\/odr<\/a>.<br>Unsere E-Mail-Adresse finden Sie oben im Impressum.<\/p>\n\n\n\n<p>Wir sind nicht bereit oder verpflichtet, an Streitbeilegungsverfahren vor einer Verbraucherschlichtungsstelle teilzunehmen.<\/p>\n\n\n\n<h3 class=\"wp-block-heading\">Haftung f\u00fcr Inhalte<\/h3>\n\n\n\n<p>Als Diensteanbieter sind wir gem\u00e4\u00df \u00a7 7 Abs.1 TMG f\u00fcr eigene Inhalte auf diesen Seiten nach den allgemeinen Gesetzen verantwortlich. Nach \u00a7\u00a7 8 bis 10 TMG sind wir als Diensteanbieter jedoch nicht verpflichtet, \u00fcbermittelte oder gespeicherte fremde Informationen zu \u00fcberwachen oder nach Umst\u00e4nden zu forschen, die auf eine rechtswidrige T\u00e4tigkeit hinweisen.<\/p>\n\n\n\n<p>Verpflichtungen zur Entfernung oder Sperrung der Nutzung von Informationen nach den allgemeinen Gesetzen bleiben hiervon unber\u00fchrt. Eine diesbez\u00fcgliche Haftung ist jedoch erst ab dem Zeitpunkt der Kenntnis einer konkreten Rechtsverletzung m\u00f6glich. Bei Bekanntwerden von entsprechenden Rechtsverletzungen werden wir diese Inhalte umgehend entfernen.<\/p>\n\n\n\n<h3 class=\"wp-block-heading\">Haftung f\u00fcr Links<\/h3>\n\n\n\n<p>Unser Angebot enth\u00e4lt Links zu externen Websites Dritter, auf deren Inhalte wir keinen Einfluss haben. Deshalb k\u00f6nnen wir f\u00fcr diese fremden Inhalte auch keine Gew\u00e4hr \u00fcbernehmen. F\u00fcr die Inhalte der verlinkten Seiten ist stets der jeweilige Anbieter oder Betreiber der Seiten verantwortlich. Die verlinkten Seiten wurden zum Zeitpunkt der Verlinkung auf m\u00f6gliche Rechtsverst\u00f6\u00dfe \u00fcberpr\u00fcft. Rechtswidrige Inhalte waren zum Zeitpunkt der Verlinkung nicht erkennbar.<\/p>\n\n\n\n<p>Eine permanente inhaltliche Kontrolle der verlinkten Seiten ist jedoch ohne konkrete Anhaltspunkte einer Rechtsverletzung nicht zumutbar. Bei Bekanntwerden von Rechtsverletzungen werden wir derartige Links umgehend entfernen.<\/p>\n\n\n\n<h3 class=\"wp-block-heading\">Urheberrecht<\/h3>\n\n\n\n<p>Die durch die Seitenbetreiber erstellten Inhalte und Werke auf diesen Seiten unterliegen dem deutschen Urheberrecht. Die Vervielf\u00e4ltigung, Bearbeitung, Verbreitung und jede Art der Verwertung au\u00dferhalb der Grenzen des Urheberrechtes bed\u00fcrfen der schriftlichen Zustimmung des jeweiligen Autors bzw. Erstellers. Downloads und Kopien dieser Seite sind nur f\u00fcr den privaten, nicht kommerziellen Gebrauch gestattet.<\/p>\n\n\n\n<div class=\"wp-block-image\"><figure class=\"alignright\"><img loading=\"lazy\" decoding=\"async\" width=\"92\" height=\"120\" src=\"https:\/\/www.pflegedienst-reichenbach.de\/wp-content\/uploads\/2019\/08\/erecht24-siegel-disclaimer-rot-92x120px.png\" alt=\"erecht24-siegel-disclaimer-rot 92x120px\" class=\"wp-image-64\"\/><\/figure><\/div>\n\n\n\n<p>Soweit die Inhalte auf dieser Seite nicht vom Betreiber erstellt wurden, werden die Urheberrechte Dritter beachtet. Insbesondere werden Inhalte Dritter als solche gekennzeichnet. Sollten Sie trotzdem auf eine Urheberrechtsverletzung aufmerksam werden, bitten wir um einen entsprechenden Hinweis. Bei Bekanntwerden von Rechtsverletzungen werden wir derartige Inhalte umgehend entfernen. <\/p>\n\n\n\n<div style=\"height:100px\" aria-hidden=\"true\" class=\"wp-block-spacer\"><\/div>\n\n\n\n<div class=\"wp-block-columns has-2-columns is-layout-flex wp-container-core-columns-is-layout-28f84493 wp-block-columns-is-layout-flex\">\n<div class=\"wp-block-column is-layout-flow wp-block-column-is-layout-flow\">\n<h4 class=\"wp-block-heading\">Alle Seiten wurden gestaltet durch<\/h4>\n\n\n\n<p><img loading=\"lazy\" decoding=\"async\" class=\"alignnone  wp-image-3632\" src=\"https:\/\/www.pflegedienst-reichenbach.de\/wp-content\/uploads\/2019\/10\/comgraph.png\" alt=\"comgraph\" width=\"170\" height=\"38\"><br>Copyright \u00a9 2019<br>Firma COMGRAPH-Werbung Gerd M\u00fcller e.K.<br>S\u00fcdfeld 23-25 \u00b7 59174 Kamen<\/p>\n\n\n\n<p>Alle Rechte vorbehalten f\u00fcr Gestaltung.<br> All Rights reserved for design.<\/p>\n\n\n\n<p>Das Copyright der verwendeten Bilder obliegt den Urhebern. <br>Es ist  untersagt Bildmaterial, Texte und weitere Inhalte von dieser <br>Webseite zu  kopieren und anderweitig zu verwenden.<\/p>\n<\/div>\n\n\n\n<div class=\"wp-block-column is-layout-flow wp-block-column-is-layout-flow\">\n<h4 class=\"wp-block-heading\">Bildquellen<\/h4>\n\n\n\n<p>COMGRAPH-Werbung Gerd M\u00fcller e.K., Pflegedienst Reichenbach \/ Mandy Tappe, Fotolia \/ Adobe Stock<br><strong>Seite Pflegediens<\/strong>t:<br>&#8211; Fotolia.com | Datei: #210113313 | Urheber: Photographee.eu<br>&#8211; stock.adobe.com | Datei: 211928964 | Urheber: \u00a9 Photographee.eu <br>&#8211; stock.adobe.com | Datei: 248506605 | Urheber: \u00a9 oatawa <br>&#8211; stock.adobe.com | Datei: 247230602 | Urheber: \u00a9 Photographee.eu<br><strong>Seite Leistungen<\/strong>:<br>&#8211; stock.adobe.com | Datei: 211127930 | Urheber: \u00a9 Photographee.eu<br>&#8211; Fotolia.com | Datei: #282724420 | Urheber: New Africa<br><strong>Seite Bewerber<\/strong>:<br>&#8211; Fotolia.com | Datei: #134189703 | Urheber: jannoon028<br><strong>Seite Kontakt<\/strong>:<br>&#8211; Fotolia.com | Datei: #257940261 | Urheber: chinnarach<\/p>\n<\/div>\n<\/div>\n\n\n\n<div style=\"height:50px\" aria-hidden=\"true\" class=\"wp-block-spacer\"><\/div>\n","protected":false},"excerpt":{"rendered":"<p>Angaben gem\u00e4\u00df \u00a7 5 TMG Pflegedienst Reichenbach GmbHGesch\u00e4ftsf\u00fchrerin Mandy TappeS\u00fcdfeld 23-2559174 Kamen Kontakt Telefon: 02307\/43435Telefax: 02307\/43531E-Mail: info@pflegedienst-reichenbach.de Angaben zur Berufshaftpflichtversicherung Name und Sitz des Versicherers:Rhion Versicherung [&#8230;] <\/p>\n","protected":false},"author":1,"featured_media":0,"parent":0,"menu_order":0,"comment_status":"closed","ping_status":"closed","template":"page-fullwidth.php","meta":{"footnotes":""},"class_list":["post-11","page","type-page","status-publish","hentry"],"yoast_head":"<!-- This site is optimized with the Yoast SEO plugin v24.0 - https:\/\/yoast.com\/wordpress\/plugins\/seo\/ -->\n<title>Impressum - Pflegedienst Reichenbach GmbH<\/title>\n<meta name=\"robots\" content=\"index, follow, max-snippet:-1, max-image-preview:large, max-video-preview:-1\" \/>\n<link rel=\"canonical\" href=\"https:\/\/www.pflegedienst-reichenbach.de\/index.php\/impressum\/\" \/>\n<meta property=\"og:locale\" content=\"de_DE\" \/>\n<meta property=\"og:type\" content=\"article\" \/>\n<meta property=\"og:title\" content=\"Impressum - Pflegedienst Reichenbach GmbH\" \/>\n<meta property=\"og:description\" content=\"Angaben gem\u00e4\u00df \u00a7 5 TMG Pflegedienst Reichenbach GmbHGesch\u00e4ftsf\u00fchrerin Mandy TappeS\u00fcdfeld 23-2559174 Kamen Kontakt Telefon: 02307\/43435Telefax: 02307\/43531E-Mail: info@pflegedienst-reichenbach.de Angaben zur Berufshaftpflichtversicherung Name und Sitz des Versicherers:Rhion Versicherung [...]\" \/>\n<meta property=\"og:url\" content=\"https:\/\/www.pflegedienst-reichenbach.de\/index.php\/impressum\/\" \/>\n<meta property=\"og:site_name\" content=\"Pflegedienst Reichenbach GmbH\" \/>\n<meta property=\"article:modified_time\" content=\"2022-03-03T12:49:55+00:00\" \/>\n<meta property=\"og:image\" content=\"https:\/\/www.pflegedienst-reichenbach.de\/wp-content\/uploads\/2019\/08\/erecht24-siegel-disclaimer-rot-92x120px.png\" \/>\n<meta name=\"twitter:card\" content=\"summary_large_image\" \/>\n<meta name=\"twitter:label1\" content=\"Gesch\u00e4tzte Lesezeit\" \/>\n\t<meta name=\"twitter:data1\" content=\"3\u00a0Minuten\" \/>\n<script type=\"application\/ld+json\" class=\"yoast-schema-graph\">{\"@context\":\"https:\/\/schema.org\",\"@graph\":[{\"@type\":\"WebPage\",\"@id\":\"https:\/\/www.pflegedienst-reichenbach.de\/index.php\/impressum\/\",\"url\":\"https:\/\/www.pflegedienst-reichenbach.de\/index.php\/impressum\/\",\"name\":\"Impressum - Pflegedienst Reichenbach GmbH\",\"isPartOf\":{\"@id\":\"https:\/\/www.pflegedienst-reichenbach.de\/#website\"},\"primaryImageOfPage\":{\"@id\":\"https:\/\/www.pflegedienst-reichenbach.de\/index.php\/impressum\/#primaryimage\"},\"image\":{\"@id\":\"https:\/\/www.pflegedienst-reichenbach.de\/index.php\/impressum\/#primaryimage\"},\"thumbnailUrl\":\"https:\/\/www.pflegedienst-reichenbach.de\/wp-content\/uploads\/2019\/08\/erecht24-siegel-disclaimer-rot-92x120px.png\",\"datePublished\":\"2019-08-26T13:19:08+00:00\",\"dateModified\":\"2022-03-03T12:49:55+00:00\",\"breadcrumb\":{\"@id\":\"https:\/\/www.pflegedienst-reichenbach.de\/index.php\/impressum\/#breadcrumb\"},\"inLanguage\":\"de\",\"potentialAction\":[{\"@type\":\"ReadAction\",\"target\":[\"https:\/\/www.pflegedienst-reichenbach.de\/index.php\/impressum\/\"]}]},{\"@type\":\"ImageObject\",\"inLanguage\":\"de\",\"@id\":\"https:\/\/www.pflegedienst-reichenbach.de\/index.php\/impressum\/#primaryimage\",\"url\":\"https:\/\/www.pflegedienst-reichenbach.de\/wp-content\/uploads\/2019\/08\/erecht24-siegel-disclaimer-rot-92x120px.png\",\"contentUrl\":\"https:\/\/www.pflegedienst-reichenbach.de\/wp-content\/uploads\/2019\/08\/erecht24-siegel-disclaimer-rot-92x120px.png\",\"width\":92,\"height\":120,\"caption\":\"erecht24-siegel-disclaimer-rot 92x120px\"},{\"@type\":\"BreadcrumbList\",\"@id\":\"https:\/\/www.pflegedienst-reichenbach.de\/index.php\/impressum\/#breadcrumb\",\"itemListElement\":[{\"@type\":\"ListItem\",\"position\":1,\"name\":\"Startseite\",\"item\":\"https:\/\/www.pflegedienst-reichenbach.de\/\"},{\"@type\":\"ListItem\",\"position\":2,\"name\":\"Impressum\"}]},{\"@type\":\"WebSite\",\"@id\":\"https:\/\/www.pflegedienst-reichenbach.de\/#website\",\"url\":\"https:\/\/www.pflegedienst-reichenbach.de\/\",\"name\":\"Pflegedienst Reichenbach GmbH\",\"description\":\"\u00dcber 30 Jahren f\u00fcr Sie unterwegs!\",\"potentialAction\":[{\"@type\":\"SearchAction\",\"target\":{\"@type\":\"EntryPoint\",\"urlTemplate\":\"https:\/\/www.pflegedienst-reichenbach.de\/?s={search_term_string}\"},\"query-input\":{\"@type\":\"PropertyValueSpecification\",\"valueRequired\":true,\"valueName\":\"search_term_string\"}}],\"inLanguage\":\"de\"}]}<\/script>\n<!-- \/ Yoast SEO plugin. -->","yoast_head_json":{"title":"Impressum - Pflegedienst Reichenbach GmbH","robots":{"index":"index","follow":"follow","max-snippet":"max-snippet:-1","max-image-preview":"max-image-preview:large","max-video-preview":"max-video-preview:-1"},"canonical":"https:\/\/www.pflegedienst-reichenbach.de\/index.php\/impressum\/","og_locale":"de_DE","og_type":"article","og_title":"Impressum - Pflegedienst Reichenbach GmbH","og_description":"Angaben gem\u00e4\u00df \u00a7 5 TMG Pflegedienst Reichenbach GmbHGesch\u00e4ftsf\u00fchrerin Mandy TappeS\u00fcdfeld 23-2559174 Kamen Kontakt Telefon: 02307\/43435Telefax: 02307\/43531E-Mail: info@pflegedienst-reichenbach.de Angaben zur Berufshaftpflichtversicherung Name und Sitz des Versicherers:Rhion Versicherung [...]","og_url":"https:\/\/www.pflegedienst-reichenbach.de\/index.php\/impressum\/","og_site_name":"Pflegedienst Reichenbach GmbH","article_modified_time":"2022-03-03T12:49:55+00:00","og_image":[{"url":"https:\/\/www.pflegedienst-reichenbach.de\/wp-content\/uploads\/2019\/08\/erecht24-siegel-disclaimer-rot-92x120px.png","type":"","width":"","height":""}],"twitter_card":"summary_large_image","twitter_misc":{"Gesch\u00e4tzte Lesezeit":"3\u00a0Minuten"},"schema":{"@context":"https:\/\/schema.org","@graph":[{"@type":"WebPage","@id":"https:\/\/www.pflegedienst-reichenbach.de\/index.php\/impressum\/","url":"https:\/\/www.pflegedienst-reichenbach.de\/index.php\/impressum\/","name":"Impressum - Pflegedienst Reichenbach GmbH","isPartOf":{"@id":"https:\/\/www.pflegedienst-reichenbach.de\/#website"},"primaryImageOfPage":{"@id":"https:\/\/www.pflegedienst-reichenbach.de\/index.php\/impressum\/#primaryimage"},"image":{"@id":"https:\/\/www.pflegedienst-reichenbach.de\/index.php\/impressum\/#primaryimage"},"thumbnailUrl":"https:\/\/www.pflegedienst-reichenbach.de\/wp-content\/uploads\/2019\/08\/erecht24-siegel-disclaimer-rot-92x120px.png","datePublished":"2019-08-26T13:19:08+00:00","dateModified":"2022-03-03T12:49:55+00:00","breadcrumb":{"@id":"https:\/\/www.pflegedienst-reichenbach.de\/index.php\/impressum\/#breadcrumb"},"inLanguage":"de","potentialAction":[{"@type":"ReadAction","target":["https:\/\/www.pflegedienst-reichenbach.de\/index.php\/impressum\/"]}]},{"@type":"ImageObject","inLanguage":"de","@id":"https:\/\/www.pflegedienst-reichenbach.de\/index.php\/impressum\/#primaryimage","url":"https:\/\/www.pflegedienst-reichenbach.de\/wp-content\/uploads\/2019\/08\/erecht24-siegel-disclaimer-rot-92x120px.png","contentUrl":"https:\/\/www.pflegedienst-reichenbach.de\/wp-content\/uploads\/2019\/08\/erecht24-siegel-disclaimer-rot-92x120px.png","width":92,"height":120,"caption":"erecht24-siegel-disclaimer-rot 92x120px"},{"@type":"BreadcrumbList","@id":"https:\/\/www.pflegedienst-reichenbach.de\/index.php\/impressum\/#breadcrumb","itemListElement":[{"@type":"ListItem","position":1,"name":"Startseite","item":"https:\/\/www.pflegedienst-reichenbach.de\/"},{"@type":"ListItem","position":2,"name":"Impressum"}]},{"@type":"WebSite","@id":"https:\/\/www.pflegedienst-reichenbach.de\/#website","url":"https:\/\/www.pflegedienst-reichenbach.de\/","name":"Pflegedienst Reichenbach GmbH","description":"\u00dcber 30 Jahren f\u00fcr Sie unterwegs!","potentialAction":[{"@type":"SearchAction","target":{"@type":"EntryPoint","urlTemplate":"https:\/\/www.pflegedienst-reichenbach.de\/?s={search_term_string}"},"query-input":{"@type":"PropertyValueSpecification","valueRequired":true,"valueName":"search_term_string"}}],"inLanguage":"de"}]}},"featured_image_src":null,"featured_image_src_square":null,"_links":{"self":[{"href":"https:\/\/www.pflegedienst-reichenbach.de\/index.php\/wp-json\/wp\/v2\/pages\/11","targetHints":{"allow":["GET"]}}],"collection":[{"href":"https:\/\/www.pflegedienst-reichenbach.de\/index.php\/wp-json\/wp\/v2\/pages"}],"about":[{"href":"https:\/\/www.pflegedienst-reichenbach.de\/index.php\/wp-json\/wp\/v2\/types\/page"}],"author":[{"embeddable":true,"href":"https:\/\/www.pflegedienst-reichenbach.de\/index.php\/wp-json\/wp\/v2\/users\/1"}],"replies":[{"embeddable":true,"href":"https:\/\/www.pflegedienst-reichenbach.de\/index.php\/wp-json\/wp\/v2\/comments?post=11"}],"version-history":[{"count":8,"href":"https:\/\/www.pflegedienst-reichenbach.de\/index.php\/wp-json\/wp\/v2\/pages\/11\/revisions"}],"predecessor-version":[{"id":3236,"href":"https:\/\/www.pflegedienst-reichenbach.de\/index.php\/wp-json\/wp\/v2\/pages\/11\/revisions\/3236"}],"wp:attachment":[{"href":"https:\/\/www.pflegedienst-reichenbach.de\/index.php\/wp-json\/wp\/v2\/media?parent=11"}],"curies":[{"name":"wp","href":"https:\/\/api.w.org\/{rel}","templated":true}]}}